ime factors of 3059538446.
2, 1529769223
What are the prime factors of 2530980128?
2, 17, 701, 6637
What are the prime factors of 325346490?
2, 3, 5, 7, 79, 2179
What are the prime factors of 318363381?
3, 7, 5053387
List the prime factors of 4201797.
3, 1400599
List the prime factors of 2080994580.
2, 3, 5, 7, 421, 3923
What are the prime factors of 55389183?
3, 2579, 7159
What are the prime factors of 60657081?
3, 41, 493147
List the prime factors of 210660632.
2, 7, 13, 289369
List the prime factors of 46759321.
7, 107, 163, 383
List the prime factors of 2280851030.
2, 5, 173, 1318411
List the prime factors of 1632627541.
1163, 1403807
List the prime factors of 190041681.
3, 67, 945481
What are the prime factors of 46844381?
193, 251, 967
What are the prime factors of 668001253?
877, 761689
What are the prime factors of 4292212009?
1567, 2739127
What are the prime factors of 168541015?
5, 33708203
What are the prime factors of 75647228?
2, 2579, 7333
List the prime factors of 3502793507.
19, 29, 6357157
List the prime factors of 67563099.
3, 2502337
What are the prime factors of 443943137?
11, 43, 938569
List the prime factors of 834010789.
834010789
What are the prime factors of 2009861728?
2, 7, 97, 233, 397
What are the prime factors of 3897706077?
3, 307, 1410679
What are the prime factors of 15070524?
2, 3, 7, 179411
What are the prime factors of 842933753?
1721, 489793
What are the prime factors of 77368052?
2, 1733, 11161
List the prime factors of 943312315.
5, 11, 17151133
What are the prime factors of 89377606?
2, 44688803
List the prime factors of 406540410.
2, 3, 5, 23, 589189
What are the prime factors of 2140898549?
19, 112678871
List the prime factors of 294389578.
2, 7, 17, 31, 39901
What are the prime factors of 1089656996?
2, 272414249
What are the prime factors of 5901032345?
5, 13, 97, 107, 8747
What are the prime factors of 51877035?
3, 5, 7, 3361
List the prime factors of 105537447.
3, 163, 71941
List the prime factors of 340309660.
2, 5, 1831, 9293
List the prime factors of 299003326.
2, 149501663
What are the prime factors of 165116969?
47, 3513127
What are the prime factors of 57684862?
2, 31, 739, 1259
List the prime factors of 8662831910.
2, 5, 89, 9733519
What are the prime factors of 1401636736?
2, 733, 14939
What are the prime factors of 33993098?
2, 17, 433, 2309
List the prime factors of 15170112.
2, 3, 8779
What are the prime factors of 196106832?
2, 3, 17, 23, 43
What are the prime factors of 199517461?
11, 13, 19, 73433
List the prime factors of 18638671.
23, 810377
What are the prime factors of 418745848?
2, 29, 1804939
List the prime factors of 513979114.
2, 11, 23, 1015769
What are the prime factors of 154466628?
2, 3, 47, 103, 2659
List the prime factors of 846135437.
7, 4673, 25867
List the prime factors of 361332865.
5, 3821, 18913
What are the prime factors of 4086297635?
5, 7, 29, 4025909
What are the prime factors of 4515482557?
17, 11519, 23059
List the prime factors of 222773480.
2, 5, 19, 293123
What are the prime factors of 5198921521?
17, 305818913
List the prime factors of 180950715.
3, 5, 11, 365557
What are the prime factors of 2177295903?
3, 80640589
List the prime factors of 41008168.
2, 5126021
What are the prime factors of 357298736?
2, 491, 45481
List the prime factors of 111583292.
2, 1009, 27647
What are the prime factors of 102634561?
19, 5401819
What are the prime factors of 129636553?
4519, 28687
List the prime factors of 4096154118.
2, 3, 7, 41, 339817
List the prime factors of 45152778.
2, 3, 11, 19, 36007
What are the prime factors of 3172994633?
41, 83, 179, 5209
What are the prime factors of 40092336?
2, 3, 433, 643
List the prime factors of 146776902.
2, 3, 4217, 5801
What are the prime factors of 208322046?
2, 3, 17, 31, 21961
List the prime factors of 640463704.
2, 19, 23, 167, 1097
List the prime factors of 1150074295.
5, 53, 1039, 4177
List the prime factors of 49273469.
7, 1005581
List the prime factors of 225003748.
2, 89, 139, 4547
What are the prime factors of 234707438?
2, 7, 16764817
What are the prime factors of 12630608?
2, 83, 9511
What are the prime factors of 135203880?
2, 3, 5, 7, 71, 2267
List the prime factors of 42369452.
2, 3109, 3407
List the prime factors of 47517139.
37, 347, 3701
What are the prime factors of 29813112?
2, 3, 7, 149, 397
What are the prime factors of 96112784?
2, 883, 6803
List the prime factors of 1279491708.
2, 3, 11, 9693119
List the prime factors of 145340560.
2, 5, 89, 137, 149
List the prime factors of 153001126.
2, 76500563
What are the prime factors of 18933165?
3, 5, 420737
List the prime factors of 24223456.
2, 37, 41, 499
What are the prime factors of 69360101?
69360101
What are the prime factors of 968945510?
2, 5, 13, 149, 50023
List the prime factors of 36977078.
2, 19, 973081
List the prime factors of 72202764.
2, 3, 151, 39847
List the prime factors of 1866878466.
2, 3, 31, 53, 189377
List the prime factors of 23775847.
739, 32173
What are the prime factors of 1244035153?
1244035153
What are the prime factors of 2594820670?
2, 5, 13, 17, 23, 71, 719
What are the prime factors of 51833071?
277, 187123
What are the prime factors of 293774383?
7, 31, 827, 1637
List the prime factors of 1430041614.
2, 3, 8317, 28657
List the prime factors of 1390925848.
2, 13, 229, 58403
List the prime factors of 29756550.
2, 3, 5, 198377
List the prime factors of 34456889.
43, 107, 7489
List the prime factors of 4187618134.
2, 7, 17257, 17333
List the prime factors of 150078310.
2, 5, 15007831
List the prime factors of 70210590.
2, 3, 5, 59, 39667
What are the prime factors of 441831791?
29, 311, 48989
List the prime factors of 216183355.
5, 149, 439, 661
List the prime factors of 217172353.
217172353
List the prime factors of 1100830838.
2, 491, 619, 1811
What are the prime factors of 212456460?
2, 3, 5, 461, 7681
What are the prime factors of 6801808067?
6801808067
List the prime factors of 5184278590.
2, 5, 281, 1844939
What are the prime factors of 543147587?
6047, 89821
List the prime factors of 2622396225.
3, 5, 2939, 11897
What are the prime factors of 3636224377?
3636224377
What are the prime factors of 1459626534?
2, 3, 27030121
What are the prime factors of 1354575229?
7, 193510747
List the prime factors of 1327417280.
2, 5, 7, 592597
What are the prime factors of 58451987?
11, 1933, 2749
What are the prime factors of 456804943?
7, 17, 173, 22189
What are the prime factors of 893149241?
893149241
What are the prime factors of 873513363?
3, 17, 17127713
List the prime factors of 38734728.
2, 3, 1613947
List the prime factors of 9121374791.
37, 3313, 74411
List the prime factors of 144879521.
47, 3082543
What are the prime factors of 28795883?
28795883
List the prime factors of 88804749.
3, 11, 2691053
List the prime factors of 1540109338.
2, 137, 5620837
List the prime factors of 1697433364.
2, 11, 379, 101789
List the prime factors of 3602011232.
2, 23, 4894037
What are the prime factors of 15113005?
5, 3022601
List the prime factors of 1018803359.
7, 191, 762007
List the prime factors of 46086336.
2, 3, 29, 31, 89
List the prime factors of 5753509720.
2, 5, 7, 20548249
What are the prime factors of 49817342?
2, 277, 89923
List the prime factors of 245694516.
2, 3, 151, 135593
What are the prime factors of 840631331?
47, 17885773
What are the prime factors of 28525685?
5, 5705137
List the prime factors of 533507609.
23, 353, 2857
List the prime factors of 400443311.
149, 409, 6571
List the prime factors of 219333172.
2, 73, 751141
What are the prime factors of 47562361?
7, 11, 617693
What are the prime factors of 1091862577?
13, 83989429
List the prime factors of 412914109.
10039, 41131
List the prime factors of 6143957378.
2, 13, 131, 1803863
What are the prime factors of 4896565?
5, 979313
List the prime factors of 436442851.
13, 33572527
List the prime factors of 30327318.
2, 3, 7, 80231
What are the prime factors of 49893217?
11, 601, 7547
What are the prime factors of 9548336?
2, 7, 19, 641
What are the prime factors of 163189368?
2, 3, 2266519
What are the prime factors of 131658575?
5, 271, 19433
List the prime factors of 260156152.
2, 41, 793159
List the prime factors of 150026973.
3, 50008991
List the prime factors 